git of l(14)?
2
Suppose -5*j = 25, -3*j - 1051 = -3*o + 5*o. Let v = 809 + -13. Let f = v + o. What is the units digit of f?
8
Let k be (-7)/((-7)/6) + (17 - 18). Suppose -k*l - 41 + 966 = 0. What is the tens digit of l?
8
Let r(d) = -6*d - 740 - 36*d - 55*d + 747. What is the hundreds digit of r(-9)?
8
Suppose 8*l = 7*l + 205. Let n = -74 + l. Suppose -18*p + 17*p + n = 0. What is the tens digit of p?
3
Suppose 336890 = 75*z - 100660. What is the hundreds digit of z?
8
Let m(o) = -5*o - 10 - 5*o - 118*o. What is the hundreds digit of m(-3)?
3
Let h(a) = -3*a**3 - 4*a**2 + 3*a - 13. Let n be 0 + (-4 - (1 - 0)). Let s be h(n). Suppose -2*z - 15 = -s. What is the tens digit of z?
1
Let b be 163/7 - 4/14. Let q = 2321 - 2275. Let h = q + b. What is the units digit of h?
9
Let c = -74 + 158. Let m = -74 + c. Suppose m*d - 116 = 6*d. What is the tens digit of d?
2
Let l = -101 - -18. Let p = -80 - l. Suppose 6*g - p*g = -2*u + 811, 2*u = -5*g + 1345. What is the tens digit of g?
6
Let i = 155 + -151. Suppose -4*w = s - 681, 5*w - 2*w - i*s - 506 = 0. What is the units digit of w?
0
Suppose -n + x = -42126, n = 24*x - 19*x + 42142. What is the hundreds digit of n?
1
Suppose -33*u = -34*u - 2*d + 6805, -u - 3*d = -6810. What is the hundreds digit of u?
7
What is the tens digit of 1/(-4)*2*-6 + 20963 + 161?
2
Let s(h) = h**2 - 13*h + 16. Let k be s(13). Let d(z) = 6*z - 2. Let n be d(k). Suppose 4*l - n - 598 = 0. What is the hundreds digit of l?
1
Let g(v) = -121*v + 448. Let c(x) = 24*x - 89. Let k(t) = 11*c(t) + 2*g(t). What is the units digit of k(26)?
9
Suppose 4*f + 4*w = 6*w + 20, -4*w - 16 = 0. What is the hundreds digit of 388 + f + 8 + -5?
3
Let u(p) = -15*p**3 - 33*p**2 - 8*p + 334. What is the units digit of u(-15)?
4
Let b(o) = 13*o + 119. Let g be b(-9). What is the thousands digit of g + (-9 - 2) - -1048?
1
Let c(b) = -2*b**2 + 52*b + 10. Let z be c(26). Suppose 0 = -z*u + 214 + 266. What is the tens digit of u?
4
Suppose -3*k + 74536 = -2*s, 2*k - 7194 = -s + 42506. What is the ten thousands digit of k?
2
Let u(w) = -7*w**2 + w + 2. Let k be u(2). Suppose 1309 = 73*n - 66*n. Let y = n + k. What is the units digit of y?
3
Let x(g) = -68*g - 129. Suppose 9*h + 60 = -6*h. What is the tens digit of x(h)?
4
What is the thousands digit of 150/(-175) + -4 + (-42942)/(-21)?
2
Suppose 4*g - 7449 - 1767 = 0. Let z = -1179 + g. What is the hundreds digit of z?
1
Let v be (35 - -1) + (-4 - 3). Suppose v*h - 31*h + 618 = 0. What is the units digit of h?
9
Let h = -33444 + 56166. What is the ten thousands digit of h?
2
Let d = 69 + 174. Let w be (-30)/(-8) - 3/(-12). Suppose -k - 195 = -w*g - 2*k, -k + d = 5*g. What is the units digit of g?
8
Let a(j) = 10*j**2 - 15*j - 97. Let l be a(-6). Let b = 451 + l. What is the tens digit of b?
0
Let f(v) = 19*v**2 - v + 2. Let t be f(-3). What is the tens digit of t/(-1)*(11 + -12)?
7
Suppose 0 = 3*a - 7*a - 3*r + 7732, -5*r = -2*a + 3892. Suppose 2*c - a = -5*j - 233, -4*c - 2*j = -3446. What is the hundreds digit of c?
8
Let p(u) = -3*u**3 + 3*u**2 + 6*u - 1. Let a(v) = -3*v**2 + 4*v + 3. Let h be a(-1). What is the hundreds digit of p(h)?
2
Let d be -10*((-60)/150 - (-1 + 1)). Suppose -d*b - 1608 = -12*b. What is the units digit of b?
1
Let n(v) = 78*v**2 - 13*v - 16. What is the hundreds digit of n(-6)?
8
Let h = -339 + 667. Let k = h + -184. What is the hundreds digit of k?
1
Let q = 414 + -193. Suppose 4*p - q = 175. Let u = -25 + p. What is the units digit of u?
4
Let k(g) = g**2 + 2*g + 2. Let h be k(-2). Suppose -19*j + 226 + 2 = 0. What is the units digit of h*24 - j/6?
6
Let u(a) = -13*a**3 - 5*a**2 - 3*a + 13. Suppose 3*t = 2*d - 1, -4*d + 0*d - t - 19 = 0. What is the tens digit of u(d)?
7
Let o be (-12)/(-18) + (-1159)/(-3). Suppose -u = -h - o, -397 = -u - 2*h - 2*h. What is the tens digit of u?
8
Let y = 30098 + 12880. What is the hundreds digit of y?
9
Suppose -18 = 2*d, 4*u + 54*d = 56*d + 147886. What is the thousands digit of u?
6
Let p be 9/((-16)/(-12)*(-3)/(-4)). What is the units digit of 54 - (70/7 - p)?
3
Let h(f) = -23*f**3 - 12*f**2 - 28*f - 245. What is the thousands digit of h(-7)?
7
Suppose 75425 - 490115 = -30*g. What is the tens digit of g?
2
Suppose 0 = -9*p + 11*p + 10. Let y = 313 + p. Let z = y - 171. What is the tens digit of z?
3
Let z = -2 - -12. Let x = -453 + 458. Suppose -x*n + 373 = -y, -3*n - y = -z - 209. What is the units digit of n?
4
Suppose b + 2*x - 4 = 0, 6 = b - 0*b + 4*x. Suppose b*w = 9*w - 1001. Suppose -5*i = -4*a + w, -4*a = -0*a + 5*i - 113. What is the tens digit of a?
3
Let f(d) = 426*d**3 + d**2 + 7*d - 2. Let m be f(2). Suppose -4*w - 1008 = 5*p - 5288, -4*p = -w - m. What is the units digit of p?
6
Let a = -10081 + 14601. What is the hundreds digit of a?
5
Let q = -20259 - -32578. What is the units digit of q?
9
Let d(o) = 64*o**2 - 19*o - 160. What is the hundreds digit of d(-9)?
1
Let n = 22118 + -13438. What is the hundreds digit of n?
6
Let k(a) = 84*a**3 - 4*a**2 + 16*a - 5. Let m be k(3). Suppose y - m = -5*h, -3*h + 2*h - 3*y + 441 = 0. What is the tens digit of h?
5
What is the thousands digit of 18242 + -65 - -2*(-1 - -6)?
8
Let p = -9129 - -14292. What is the thousands digit of p?
5
Let c = -717 - -1225. Suppose 12 = 4*a, 3*i - 4 = -2*a + 20. Suppose -i*g = 34 - c. What is the tens digit of g?
7
Let w(u) = -2*u**2 - 32*u + 152. Let r be w(-24). Let k = -117 - r. What is the tens digit of k?
1
Let a be (-8)/(-12) + (-742)/(-3). Suppose -r + 330 = -5*x + 9*x, 3*x - a = -r. What is the units digit of x?
2
Let v = 34972 + -25148. What is the thousands digit of v?
9
Let p = 1341 + 1095. What is the hundreds digit of p?
4
What is the units digit of 1 + 36/(-8)*2 - -9341?
3
Let t = -15 + -74. Let w = -126 - -252. Let z = w + t. What is the tens digit of z?
3
What is the tens digit of 1/((-7)/(-21)) + 1 + 521?
2
Let y be 234/39 + (167 - -1). What is the units digit of (6/18 + 2)*y?
6
Let p(x) = 153*x + 1. Let h(v) be the third derivative of -357*v**4/8 - v**3 + 32*v**2. Let g(k) = 4*h(k) + 27*p(k). What is the units digit of g(-1)?
6
Let x = 19393 - 15111. What is the thousands digit of x?
4
Suppose -2*i - 22 = -0*i. Let k(b) = b**2 - 22*b - 23. What is the tens digit of k(i)?
4
Suppose -6*u - 15*u - 58065 = -277599. What is the units digit of u?
4
What is the tens digit of (-1*3)/(-71 + 64 - (-247224)/35318)?
7
Let z(q) = q**3 - 6*q**2 + 23*q - 11. Let c be z(6). Suppose 5*w - 620 = -5*j, w + 5*j - c = 3*j. Suppose -3*k + w = -488. What is the tens digit of k?
0
Let u(g) = -4*g**2 + 1. Let l(i) = -17*i**2 + 65*i - 24. Let p(y) = l(y) - 4*u(y). What is the hundreds digit of p(14)?
6
Suppose -3*w + 45 = 24. Suppose 0 = 9*k - w*k - 672. What is the tens digit of k?
3
Let l be 366/24 + 1/(-4). Let f(o) = -l*o + 8*o - 65*o. What is the tens digit of f(-1)?
7
Let j = 864 + 403. Suppose -8*z - j = -15*z. What is the units digit of z?
1
Suppose -2*t + 19*z - 22*z = -31987, -5*z = 5*t - 79960. What is the ten thousands digit of t?
1
Suppose 116*m - 35 = 109*m. Suppose -10*p + 15075 = m*p. What is the tens digit of p?
0
Suppose 0 = -5*l + 2*r - 4*r - 1181, 0 = -l + 5*r - 247. Let t = l - -1048. What is the tens digit of t?
1
Let y(t) be the third derivative of t**8/10080 + t**6/180 + t**5/6 - 23*t**2. Let m(l) be the third derivative of y(l). What is the hundreds digit of m(-8)?
1
Let r(z) = -z**3 - 3*z**2 - 4*z - 7. Let j be r(-3). Suppose -j*f + 472 = 112. What is the units digit of f?
2
Let v(r) = r**2 - r + 14. Let t be v(0). Let p(m) = m**2 - 11*m - 6. Let g be p(t). Suppose -336 + g = -4*y. What is the tens digit of y?
7
Let s be ((-5)/2)/(20/(-40)). Let m = s - 5. Let n(u) = u**2 + 90. What is the units digit of n(m)?
0
What is the units digit of -14*(-681)/(-6)*372/(-217)?
4
Suppose -62*m + 58*m = -3280. Suppose o = -2*f + 826, 9*f - 11*f + 2*o + m = 0. What is the hundreds digit of f?
4
Suppose 4*a - 6*a = -15122. What is the hundreds digit of a?
5
Let r be (-2 + 20/(-5))*-1. Suppose r*s + 80 = 11*s. Suppose -s*m = -12*m - 268. What is the units digit of m?
7
What is the ten thousands digit of 26/10 - (-5737797)/405?
1
Suppose -5*o - m + 2*m = -308, 0 = -2*o - m + 119. Let k be (-1218)/(-8) - 2/8. Suppose -o - k = -3*f. What is the tens d